55 = 2*d. What is the units digit of n?
3
Let f(x) = 2*x + 23. Let i be f(24). What is the units digit of (6*2/6)/(1/i)?
2
Suppose -28 = -4*w - 4*u, -4*u - 4 = -6*u. Suppose 3*r - 4*z - 1715 = -334, 930 = 2*r - w*z. What is the hundreds digit of r?
4
Let z = -4244 - -14582. What is the thousands digit of z?
0
Let m(r) = 124*r - 1947. What is the tens digit of m(34)?
6
Suppose 0*h = 3*h - 3. Let a(x) = -166*x**3 - x**2 + 3*x - 3. Let z be a(h). Let v = -64 - z. What is the units digit of v?
3
Suppose 47196 = 28*k - 23214 + 13962. What is the thousands digit of k?
2
Let i be ((-24)/54*6)/((-1)/(-48)). Let x = 222 + i. Suppose 4*l + 4*h - 72 = 0, 3*l = 8*l + 3*h - x. What is the units digit of l?
0
Let i = -270 - -274. Let d(f) = 5*f**3 + 2*f**2 - f - 6. What is the units digit of d(i)?
2
Let n(j) = 269*j - 33. Suppose -33*g + 120 = -13*g. What is the units digit of n(g)?
1
Suppose -n = 3*a + 3, -3*n = -a + 10 - 11. Suppose -1098 = -3*w + 4*r - n*r, 4*w - 1464 = -4*r. What is the units digit of w?
6
Let u = -5727 + 6231. What is the tens digit of u?
0
Let k(a) = -a + 3. Let q be k(3). Suppose -53 = -5*g - 2*m - q*m, 5*m = g - 16. Let i(j) = -j**3 + 13*j**2 - 16*j + 15. What is the tens digit of i(g)?
8
Let f(j) = j**2 - 2*j - 5. Let r be f(0). Let y(n) = n**2 + 5*n + 2. Let v be y(r). Suppose 2*o - v = 3*o, -5*w - 2*o + 311 = 0. What is the tens digit of w?
6
Let p = 16 - 13. Let i(a) = 8*a**2 + p*a + 603 - 603. What is the units digit of i(3)?
1
What is the hundreds digit of 59709/9 - ((-319)/33 + 9)?
6
Let u(o) = o**2 + 14*o + 54. Let t be u(-11). Suppose -35*c + t*c = -4858. What is the tens digit of c?
4
Suppose 5*c - c = 5280. Let q = -479 + c. What is the units digit of q?
1
Suppose o = d - 4 - 7, 2*o - 10 = -2*d. Let q be (26/6 + 0)/(d/312). Let a = 326 - q. What is the tens digit of a?
5
Let u(m) = 2530*m + 983. What is the tens digit of u(3)?
7
Suppose 3*g - s - 772 = -5*s, s + 1279 = 5*g. Suppose y + t = -176, t - 714 = -29*y + 33*y. Let o = y + g. What is the units digit of o?
8
What is the hundreds digit of 3 - 3 - ((-2 - 0) + -9541)?
5
Let c(r) = -2*r**2 - 2*r + 4. Let g be c(-2). Suppose g = -6*y + 11*y + 50. Let x(k) = -4*k + 12. What is the units digit of x(y)?
2
Suppose -11936 = 231*d - 239*d. Let x = -437 + d. What is the hundreds digit of x?
0
Let p be 9378*(-3 + 90/27). What is the units digit of 6*(p/14 - (-12)/(-42))?
8
Let j be 4/1 + (5 - -614). Let r = j + -41. Suppose 608 = 5*p - r. What is the hundreds digit of p?
2
Let x = 834 - 414. What is the tens digit of x + -2 + 4/(0 + 2)?
2
Suppose 0 = w + 261 + 297. Let k be 16/(-24)*w*1. Suppose 12*f = 8*f + k. What is the tens digit of f?
9
Suppose -2*u + 4*b + 8813 = -2597, 4*u = 4*b + 22804. What is the hundreds digit of u?
6
Suppose -2*y + 3*n + 6589 = 0, 2*n + 998 = 3*y - 8903. What is the thousands digit of y?
3
Suppose 6*h = -4 + 22. Suppose 0 = 5*r + h*n - 10 - 3, -4*n + 6 = r. Suppose -3*t + 407 = 4*z - 8*t, -r*z + 211 = -t. What is the tens digit of z?
0
Suppose -46*i + 68 = -29*i. What is the units digit of (3/(-3))/(i/(-1084))?
1
Let z(m) = 1964*m**2 + 65*m - 147. What is the tens digit of z(2)?
3
Let n(x) = -x**2 - 18*x - 30. Let l be n(-16). Suppose -u + 229 = -k, l*u = -3*u + k + 1133. Let f = u - 137. What is the tens digit of f?
8
Suppose -3*x + t + 12 = 0, -2*x - t - 4*t + 25 = 0. Suppose -x*q = 1 - 31. Suppose q*u + 247 = 1231. What is the tens digit of u?
6
Suppose 299744 = -357*z - 355*z + 729*z. What is the ten thousands digit of z?
1
Let f be 26/(-91) - (37/7)/(-1). Suppose -2*s = -q - 521, f*s + 4*q = 116 + 1180. What is the tens digit of s?
6
Suppose 3*f + 27340 = 5*n, 22*n - 21874 = 18*n + 2*f. What is the thousands digit of n?
5
Let y(d) = 2*d**3 - 39*d**2 + 265*d - 68. What is the units digit of y(16)?
0
What is the thousands digit of (-10)/(-4) + 80454/44 + 10?
1
Let y(l) = -l**3 - 2*l**2 + 5*l - 9. Let i be y(-4). What is the hundreds digit of i/2 - (-3375)/18?
1
Let h = -36 - -67. Let o = -34 + h. What is the tens digit of 30/(-1)*o - 3?
8
Let y be (1 - 2)*4/12*-9. Suppose g - 4*d - 42 = 235, -y*g + 2*d = -841. What is the hundreds digit of g?
2
Let r = 39171 + 38062. What is the thousands digit of r?
7
What is the thousands digit of (-27 - 135/36)*5252/(-3)?
3
Suppose n + 3*s + 25 = 164, 5*n = 5*s + 795. Suppose -5*y - n = -89. Let u(z) = -14*z + 27. What is the units digit of u(y)?
9
Let z = 220 - 349. Let a = z - -128. What is the units digit of (a - (-3)/4) + 1610/8?
1
What is the hundreds digit of (-4)/(-36) + (-25576543)/(-639)?
0
Let a be -2 - (-5)/(-3)*-3. Suppose -403 = 3*q + 5*d - 1543, -a*q + 3*d = -1116. What is the units digit of q?
5
Let l(v) = v - 5 + v - 6*v - v**2. Let z be l(-2). What is the hundreds digit of ((-7)/(70/54))/(z/45)?
2
Let m = -13117 + 22300. What is the tens digit of m?
8
Let x be 0/((-1 + 5)/2). Suppose x*o + 5 = o. What is the units digit of -5*(1 + (-77)/o)?
2
Let u(i) = 78*i**2 - 93*i - 274. What is the tens digit of u(-3)?
0
Let v = -4943 - -8793. What is the thousands digit of v?
3
Let k(i) = -5*i**3 - 2*i**2 + 5*i - 4. Let y be k(1). Let l(s) = -2*s**3 - 11*s**2 - 17*s + 14. What is the hundreds digit of l(y)?
1
Let v = 11745 - -4328. What is the ten thousands digit of v?
1
Suppose 3*v - 3*h = -17 - 4, 4*v + h + 3 = 0. Let f be 3/v*31786/(-69). Let p = -459 + f. What is the units digit of p?
2
Let m = 25 + -29. Let v be m/14 - (-703)/133. Suppose -10 + 2 = -2*b, 5*b - 355 = -v*j. What is the units digit of j?
7
Suppose -4076*a = -4080*a + 22760. What is the tens digit of a?
9
Suppose -1074 = -182*v + 184*v. Let m be -3*(v/(-18) + (-3)/(-18)). Let x = m + 168. What is the units digit of x?
8
Let c = -35957 - -51291. What is the thousands digit of c?
5
Let j(t) = 9*t**2 - 2*t + 2. Suppose 4*x = -5*q - 214, 2*x + 2*q + 100 = 3*q. Let y = x - -54. What is the tens digit of j(y)?
7
Let u = -42 + 12. Let f be 10/u - (-1)/3. Suppose 2*r = k - f*r - 64, r = 0. What is the units digit of k?
4
Let i(o) = o**3 - 7*o**2 - 13*o + 8. Let d(m) = 6*m + 2. Let g be d(1). Let h be i(g). What is the tens digit of 1946/10 + 2 + h/20?
9
What is the tens digit of 195224/552*10*3?
1
Suppose 0 = r + 3 - 2, 0 = m + r - 803. Suppose -m = -3*n - n. Let z = -31 + n. What is the units digit of z?
0
Let h(d) = d**2 + 7*d + 32. Let o = 179 + -201. What is the tens digit of h(o)?
6
Let b(v) = -299*v**3 + 2*v**2 - 3*v - 10. Suppose -3 = r - 1. Let d be b(r). What is the units digit of d/9 - 2/9?
6
Suppose -25 = -5*k + 3*l, l + 20 = 5*k - k. Suppose 0 = 10*h - k*h - 10. Suppose 0 = h*a - 63 + 1. What is the tens digit of a?
3
Suppose 121083 = 20*k - 154277. What is the tens digit of k?
6
Suppose 519*a = 168*a + 3080589 + 2829549. What is the units digit of a?
8
Let d = -4979 - -12180. What is the thousands digit of d?
7
Suppose 2*n = g + 3 + 4, 0 = -g - 5*n + 28. Suppose -3*c = 15, -8*c + g*c = -4*i + 201. What is the units digit of i?
4
Let u be -5 - (-4)/(24/(-138)). What is the units digit of (-1 + -45)/(14/u)?
2
Suppose -1176418 + 6979676 = 153*q - 1332509. What is the tens digit of q?
3
Suppose -25*v - 24*v + 8029 = -105455. What is the tens digit of v?
1
Let l = 3 - 0. Let a be l + (0/3)/3. What is the units digit of a*(-44)/(-4) + -4?
9
Suppose 2*f = 23 - 15. Suppose -12 = f*w - 20. Suppose -5*i + 3*o = -511, -2*o - 33 + 231 = w*i. What is the units digit of i?
1
Let s = -46931 - -73032. What is the hundreds digit of s?
1
Let o(i) = 41278*i**2 + 68*i + 69. What is the hundreds digit of o(-1)?
2
Suppose 0 = -697*t + 698*t - 3*l - 496, 3*t + 2*l = 1532. What is the hundreds digit of t?
5
Suppose -9*c - 8195 + 7942 = -26128. What is the units digit of c?
5
Let i be 2*(-1)/2*39. Let g(l) = -18*l**3 - l**2 + 4*l - 5. Let j be g(2). Let o = i - j. What is the hundreds digit of o?
1
Let m = -38 - -32. What is the hundreds digit of (-10)/(-8) + m + (-9849)/(-28)?
3
Let t be ((-110)/56 + (-24)/84)*4. Let m(s) = -4*s - 20. Let p be m(t). Suppose 0*z = -z + p. What is the units digit of z?
6
Suppose -5*d - 2061 = -8*d. Suppose 4*z + 4*c = 668 - 96, 5*z - d = 2*c. What is the units digit of z?
9
Let y(s) = -s. Let q be y(-2). Suppose q*m + 22 = 26. Suppose i = 4*j + 240, j - 440 = -m*i - j. What is the tens digit of i?
2
Suppose 3*f = -f + 